21. What is p(16)?
-7
Let i(v) = v**3 + 5*v**2 - 26*v + 17. Calculate i(-7).
101
Let k(q) = -q**2 + 81*q + 507. What is k(86)?
77
Let z(k) = -k**2 + 102*k - 1186. What is z(86)?
190
Let s(k) = -2*k**3 + 6*k**2 - 15*k - 4. Calculate s(5).
-179
Let r(w) = -w**3 + 76*w**2 - 817*w - 149. Calculate r(63).
-23
Let t(c) = -25*c**2 - 376*c - 918. Determine t(-12).
-6
Let q(t) = -t**3 + 25*t**2 + 396*t - 24. Determine q(-11).
-24
Let l(k) = -3*k**2 + 107*k + 218. What is l(-2)?
-8
Let f(a) = 19*a - 103. Give f(-9).
-274
Let v(g) = -g**3 - 12*g**2 + 2271*g + 170. Give v(-54).
8
Let z(u) = 8*u**3 + 2*u**2 - 2*u - 3. What is z(-2)?
-55
Let m(k) = 33318*k - 166580. Give m(5).
10
Let u(l) = -l**3 + 16*l**2 + 684*l - 661. What is u(35)?
4
Let n(k) = -45*k**3 + 4*k**2 + 5*k + 3. What is n(-2)?
369
Let q(k) = -123*k + 2097. Determine q(17).
6
Let d(i) = 3*i**2 + 240*i - 973. Calculate d(4).
35
Let x(i) = -2*i**2 - 46*i - 87. What is x(-17)?
117
Let r(o) = 27*o + 31. Give r(3).
112
Let k(s) = -78*s**3 - 7*s**2 + 4*s + 1. Calculate k(1).
-80
Let a(v) = v**2 + 48*v - 126. What is a(-59)?
523
Let n(r) = 3*r**2 + 191*r + 3035. Give n(-32).
-5
Let l(f) = 91*f**2 + 362*f - 11. Give l(-4).
-3
Let s(n) = 40869*n - 286083. Give s(7).
0
Let g(p) = -p**3 + 3*p**2 - 8*p + 38. Calculate g(3).
14
Let d(s) = 47*s - 662. Calculate d(8).
-286
Let q(y) = 2*y**3 - 2*y**2 + 80*y - 255. Calculate q(3).
21
Let x(o) = 2*o**3 + 8*o**2 - 28*o - 8. Determine x(-6).
16
Let h(d) = -8*d**2 + 503*d - 5436. Give h(49).
3
Let f(s) = 973*s - 23387. What is f(24)?
-35
Let u(r) = 2*r**3 + 157*r**2 - 322*r - 11. Determine u(2).
-11
Let v(i) = -i**2 + 149*i - 2907. Give v(23).
-9
Let r(n) = 202*n**3 - 6*n**2 + n. Determine r(1).
197
Let z(p) = 11*p**2 - 19*p - 43. Determine z(3).
-1
Let l(f) = -162*f + 146. Calculate l(1).
-16
Let r(y) = y**2 + 36*y - 64. Calculate r(-29).
-267
Let x(v) = -6*v + 138. Calculate x(19).
24
Let t(z) = -z**2 - 24*z + 48. Determine t(-20).
128
Let j(s) = 2*s**3 + 28*s**2 - 31*s - 46. Give j(-15).
-31
Let g(n) = -n**3 - 6*n**2 + 79*n + 485. Calculate g(-8).
-19
Let x(u) = u**2 + 85*u + 521. What is x(-76)?
-163
Let m(h) = 2*h**2 + 249*h - 1435. Determine m(-130).
-5
Let h(a) = a**3 - 8*a**2 - 28*a - 36. What is h(10)?
-116
Let b(s) = -30*s + 426. Give b(17).
-84
Let o(z) = -2*z**2 - 25*z - 54. Calculate o(-2).
-12
Let t(d) = d**3 + 3*d**2 + 2*d - 2. Determine t(-4).
-26
Let m(a) = a**2 - 81*a + 756. Calculate m(65).
-284
Let u(w) = 9*w**2 - 138*w + 39. Give u(15).
-6
Let d(t) = -28*t**2 - 22*t. Determine d(-2).
-68
Let g(l) = 244*l - 11211. Calculate g(46).
13
Let u(f) = f**3 - 15*f**2 + 41*f - 9. What is u(11)?
-42
Let y(j) = 3*j**2 + 77*j - 116. Give y(-27).
-8
Let c(f) = f**2 + 421*f + 30507. Determine c(-328).
3
Let t(f) = -2*f**2 - 770*f - 1538. Determine t(-2).
-6
Let b(r) = -184*r - 364. Calculate b(-2).
4
Let i(w) = w**3 + 7*w**2 - 2*w - 41. Calculate i(5).
249
Let c(g) = -392*g - 305. Determine c(-1).
87
Let w(v) = -398*v + 3580. Calculate w(9).
-2
Let i(c) = -5*c**2 + 207*c + 139. Determine i(42).
13
Let a(v) = v**2 - 20*v - 236. Calculate a(-13).
193
Let p(n) = n**3 - 19*n**2 - 31*n + 24. Determine p(21).
255
Let j(l) = 34*l + 349. Calculate j(-14).
-127
Let a(x) = -x**3 - 51*x**2 - 76*x + 1067. What is a(-49)?
-11
Let q(j) = 650*j - 5208. Give q(8).
-8
Let s(d) = -2*d**3 + 27*d**2 - 86*d + 44. Determine s(12).
-556
Let u(s) = 88*s + 868. Calculate u(-10).
-12
Let u(j) = j**3 - 49*j**2 - 11. Give u(49).
-11
Let h(r) = -r**2 - 308*r + 5530. Give h(17).
5
Let l(q) = 13*q - 312. Determine l(24).
0
Let n(t) = -2*t**3 + 68*t**2 + 66*t + 124. Calculate n(35).
-16
Let m(r) = -71*r - 13694. Give m(-193).
9
Let j(k) = -k + 81. Calculate j(81).
0
Let n(l) = -2*l**2 + 117*l - 1456. What is n(18)?
2
Let b(d) = -d**3 - 19*d**2 + 28*d + 81. What is b(-20)?
-79
Let o(t) = -2*t**2 - 426*t - 3305. Give o(-8).
-25
Let a(l) = 11*l - 145. Give a(8).
-57
Let k(u) = -300*u - 1915. Calculate k(-9).
785
Let l(x) = -8*x - 16. Calculate l(-1).
-8
Let l(g) = 4*g + 76. Determine l(-37).
-72
Let k(y) = -713*y + 12112. Give k(17).
-9
Let b(h) = h**3 + 16*h**2 + 9*h + 54. Calculate b(-15).
144
Let y(u) = u**2 - 14*u + 23. What is y(11)?
-10
Let g(d) = -42*d**2 - 96*d - 2. Determine g(-2).
22
Let t(z) = 9*z**2 - 3118*z - 3120. Give t(-1).
7
Let s(n) = 20*n**2 - 116*n - 24. Calculate s(6).
0
Let a(k) = -k**3 + 6*k**2 - 30*k. Give a(4).
-88
Let w(r) = -2*r**2 - 57*r + 121. What is w(-31)?
-34
Let z(g) = -3708*g + 63042. Determine z(17).
6
Let s(r) = 65*r + 511. Determine s(-8).
-9
Let m(z) = -5*z**3 - 111*z**2 - 20*z + 43. What is m(-22)?
-1
Let y(s) = -40*s**2 + 349*s - 227. What is y(8)?
5
Let u(k) = -k**2 - 25*k - 196. Give u(0).
-196
Let u(p) = 14*p - 110. Give u(-6).
-194
Let a(o) = 21*o + 227. Determine a(-10).
17
Let n(d) = 2*d**2 - 6*d + 481. Calculate n(0).
481
Let x(r) = 359*r + 12908. Calculate x(-36).
-16
Let z(w) = -3*w**3 - 239*w**2 + 580*w + 501. Calculate z(-82).
9
Let k(q) = 7*q**3 - 81*q**2 + 42*q - 11. Give k(11).
-33
Let v(q) = q**2 - 260*q - 9664. What is v(293)?
5
Let h(j) = -j**2 + 30*j + 261. Determine h(37).
2
Let w(b) = b**2 + 4*b + 29. Determine w(-12).
125
Let f(z) = -16*z**2 - 48*z + 299. Determine f(-6).
11
Let u(y) = -2*y**3 + 135*y**2 + 207*y - 30. What is u(69)?
-30
Let c(a) = -15*a**2 - 196*a - 168. Determine c(-12).
24
Let q(s) = s**3 + 7*s**2 - 84*s - 578. Determine q(-9).
16
Let p(o) = -o**3 - 22*o**2 - 107*o + 5. Determine p(-9).
-85
Let x(f) = 9*f + 247. Determine x(-23).
40
Let w(t) = 1353*t - 2714. Calculate w(2).
-8
Let t(w) = -184*w + 1625. Determine t(9).
-31
Let l(k) = 266*k + 14091. Calculate l(-53).
-7
Let j(t) = t**3 + 93*t**2 + 181*t - 71. Give j(-91).
20
Let r(k) = -5*k**2 + 3173*k + 27004. Determine r(643).
-2
Let b(k) = -99*k - 161. Give b(3).
-458
Let j(o) = 7*o + 37. What is j(12)?
121
Let w(o) = -16*o**3 + 79*o**2 + 7*o - 3. What is w(5)?
7
Let t(n) = -3*n**2 + 102*n - 198. Determine t(31).
81
Let s(i) = 2*i**2 + i + 93. Determine s(9).
264
Let f(b) = 388*b + 840. Calculate f(-2).
64
Let d(s) = -86*s + 4851. Give d(56).
35
Let i(o) = 12*o**2 - 301*o + 598. Determine i(2).
44
Let i(n) = 61*n + 2072. Give i(-34).
-2
Let u(f) = f**2 - 183*f + 2358. Give u(14).
-8
Let d(g) = g**2 - 435*g + 12897. Calculate d(32).
1
Let o(k) = 3*k**2 + 69*k + 42. Determine o(-24).
114
Let b(m) = 282*m - 886. What is b(3)?
-40
Let o(p) = -p**2 - 391*p + 7733. Determine o(19).
-57
Let y(s) = 78*s - 2734. Give y(35).
-4
Let b(a) = -2*a**2 - 2*a + 208. What is b(10)?
-12
Let v(r) = -2*r**3 + 23*r**2 + 4*r - 9. Calculate v(12).
-105
Let x(v) = -3*v**3 + 24*v**2 - 47*v + 4. Determine x(5).
-6
Let a(t) = -9*t. Give a(-4).
36
Let k(r) = -r**3 + 14*r**2 + 389*r - 1026. Give k(27).
0
Let b(l) = -2*l**2 - 82*l - 239. What is b(-38)?
-11
Let v(l) = 32*l**2 + 2652*l - 328. Calculate v(-83).
4
Let x(w) = -7*w**2 - 36*w - 349. Calculate x(-5).
-344
Let h(x) = -x**2 + 118*x - 2761. Calculate h(86).
-9
Let c(j) = -1006*j - 6042. Determine c(-6).
-6
Let v(r) = -66080*r - 66082. What is v(-1)?
-2
Let a(z) = 26*z - 17. What is a(-2)?
-69
Let v(a) = 8*a**2 - 197*a + 88. Calculate v(24).
-32
Let a(o) = 25*o**2 - o + 20. Calculate a(3).
242
Let g(c) = 15*c - 50. Calculate g(7).
55
Let f(x) = 15*x - 552. Give f(37).
3
Let z(t) = -13*t**2 - 124*t + 51. Calculate z(-10).
-9
Let c(q) = 66*q - 3367. Give c(51).
-1
Let y(s) = 56*s + 1504. What is y(-27)?
-8
Let c(z) = 3*z**2 + 57*z - 33. Determine c(-20).
27
Let c(i) = -2*i**2 - 60*i - 311. Determine c(-21).
67
Let l(x) = -x**3 - 17*x**2 + 101*x - 37. What is l(-22)?
161
Let i(u) = 3*u**3 - 10*u**2 - 36*u + 66. What is i(5)?
11
Let d(b) = -b**3 - 5*b**2 + 334*b + 42. Determine d(16).
10
Let m(a) = -157*a - 220. What is m(3)?
-691
Let g(h) = -38*h**2 - 22*h - 40. What is g(-2)?
-148
Let y(f) = 46*f + 901. Calculate y(-22).
-111
Let b(s) = -s**2 + 382*s - 31293. What is b(119)?
4
Let r(c) = -c**2 - 38*c + 133. Determine r(-39).
94
Let w(j) = -j**3 + 252*j**2 + 21372*j + 324. Determine w(319).
5
Let d(y) = y**3 + 44*y**2 + 44*y + 47. What is d(-43)?
4
Let j(n) = n**3 - n**2 - 27*n + 61. What is j(3)?
-2
Let u(l) = -l**3 + 41*l**2 - 52*l - 992. Give u(39).
22
Let r(q) = q**3 - 14*q**2 + 124*q - 1448. Calculate r(13).
-5
Let b(d) = -7*d**3